{"id":6,"date":"2021-06-27T14:05:19","date_gmt":"2021-06-27T14:05:19","guid":{"rendered":"https:\/\/salonen-stein.com\/?page_id=6"},"modified":"2026-03-16T18:25:24","modified_gmt":"2026-03-16T18:25:24","slug":"luo-sivustosi-lohkoilla","status":"publish","type":"page","link":"https:\/\/salonen-stein.com\/","title":{"rendered":"Salonen &#038; Stein"},"content":{"rendered":"\n<div style=\"height:1px\" aria-hidden=\"true\" class=\"wp-block-spacer\"><\/div>\n\n\n\n<h2 class=\"wp-block-heading has-text-align-center\" id=\"salonen-stein\" style=\"font-size:50px\">Salonen &amp; Stein<\/h2>\n\n\n\n<div class=\"wp-block-media-text is-stacked-on-mobile\" style=\"grid-template-columns:42% auto\"><figure class=\"wp-block-media-text__media\"><img decoding=\"async\" loading=\"lazy\" width=\"819\" height=\"1024\" src=\"https:\/\/salonen-stein.com\/wp-content\/uploads\/2021\/06\/Salonen-Stein-2021-06-27-819x1024.jpg\" alt=\"\" class=\"wp-image-19 size-full\" srcset=\"https:\/\/salonen-stein.com\/wp-content\/uploads\/2021\/06\/Salonen-Stein-2021-06-27-819x1024.jpg 819w, https:\/\/salonen-stein.com\/wp-content\/uploads\/2021\/06\/Salonen-Stein-2021-06-27-240x300.jpg 240w, https:\/\/salonen-stein.com\/wp-content\/uploads\/2021\/06\/Salonen-Stein-2021-06-27-768x960.jpg 768w, https:\/\/salonen-stein.com\/wp-content\/uploads\/2021\/06\/Salonen-Stein-2021-06-27-1229x1536.jpg 1229w, https:\/\/salonen-stein.com\/wp-content\/uploads\/2021\/06\/Salonen-Stein-2021-06-27-1568x1960.jpg 1568w, https:\/\/salonen-stein.com\/wp-content\/uploads\/2021\/06\/Salonen-Stein-2021-06-27.jpg 1638w\" sizes=\"(max-width: 819px) 100vw, 819px\" \/><\/figure><div class=\"wp-block-media-text__content\">\n<p class=\"has-text-align-center\"><em>Santte Salonen ja Joni Stein yhteiss\u00e4velt\u00e4v\u00e4t musiikkia yli genrerajojen. He toimivat my\u00f6s tiimik\u00e4sikirjoittajina draamaa ja musiikkia yhdist\u00e4viss\u00e4 teoksissa. <\/em><\/p>\n<\/div><\/div>\n\n\n\n<div class=\"wp-block-group alignwide is-layout-constrained\"><div class=\"wp-block-group__inner-container\">\n<div class=\"wp-block-columns alignwide are-vertically-aligned-top is-layout-flex wp-container-6\">\n<div class=\"wp-block-column is-vertically-aligned-top is-layout-flow\">\n<h3 class=\"wp-block-heading has-text-align-center\" id=\"saveltajaduo\"><strong>Salonen &amp; Stein duo<\/strong><\/h3>\n\n\n\n<p class=\"has-text-align-center has-small-font-size\">Duo Salonen &amp; Stein kutsuu kuulijat tonaaliselle huviretkelle, jossa eri tanssit, tyylit ja topokset 1700-luvulta nykyp\u00e4iv\u00e4\u00e4n punoutuvat moni-ilmeiseksi kokonaisuudeksi. Santte Salonen (sopraanosaksofoni) ja Joni Stein (piano) tulkitsevat omia s\u00e4vellyksi\u00e4\u00e4n, yhteiss\u00e4vellyksi\u00e4\u00e4n sek\u00e4 kansanmusiikkikappaleiden sovituksia yll\u00e4tt\u00e4vi\u00e4 ja uusia n\u00e4k\u00f6kulmia etsien. Heid\u00e4n vuoropuhelunsa kielioppi pohjautuu l\u00e4nsisuomalaiseen musiikkiperinteeseen, moderniin tangoon sek\u00e4 japanilaiseen populaarimusiikkiin. T\u00e4ll\u00e4 yhteisell\u00e4 kielell\u00e4 he luovat hetkess\u00e4 el\u00e4v\u00e4\u00e4, varioivaa ja improvisaatioon venyv\u00e4\u00e4 tarinallista ilmaisua.<\/p>\n\n\n\n<p class=\"has-text-align-center has-small-font-size\">Salosen ja Steinin vuosien tiivis taiteellinen yhteisty\u00f6 sai alkunsa kansanmusiikin opinnoista Sibelius-Akatemiassa vuonna 2014. Siit\u00e4 l\u00e4htien he ovat yhdess\u00e4 toimineet s\u00e4velt\u00e4jin\u00e4, muusikkoina ja k\u00e4sikirjoittajina lukuisissa eri projekteissa, joita ovat tukeneet esimerkiksi Koneen S\u00e4\u00e4ti\u00f6, F\u00f6reningen Konstsamfundet ja Suomen Kulttuurirahasto. Duo Salonen &amp; Stein on konsertoinut festivaaleilla kuten Etno-Espassa, Haapavesi Folkeilla ja Puistokarkeloissa. He ovat my\u00f6s vierailleet Italiassa Rooman Villa Lantessa sek\u00e4 Haapaveden kamariorkesterin ja Oulunsalo Ensemblen solisteina.<\/p>\n\n\n\n<figure class=\"wp-block-embed is-type-video is-provider-youtube wp-block-embed-youtube wp-embed-aspect-16-9 wp-has-aspect-ratio\"><div class=\"wp-block-embed__wrapper\">\n<iframe loading=\"lazy\" title=\"Salonen &amp; Stein (Live Compilation 2021)\" width=\"750\" height=\"422\" src=\"https:\/\/www.youtube.com\/embed\/3hF6Bbc7fXc?feature=oembed\" frameborder=\"0\" allow=\"accelerometer; autoplay; clipboard-write; encrypted-media; gyroscope; picture-in-picture; web-share\" referrerpolicy=\"strict-origin-when-cross-origin\" allowfullscreen><\/iframe>\n<\/div><\/figure>\n\n\n\n<p><\/p>\n\n\n\n<p class=\"has-text-align-center has-small-font-size\"><strong>Menneet keikat<\/strong><br><strong>5.3.2026 <\/strong>Villa Lante, Rooma<br><strong>8.7.2025 <\/strong>Konsta Jylh\u00e4 -kilpailu, Kaustinen<br><strong>7.7.2025<\/strong> Konsta Jylh\u00e4 -kilpailu, Kaustinen<br><strong>2.7.2025<\/strong> Kalevan Navetta, Sein\u00e4joki<br><strong>30.9.2023<\/strong> Yksityistilaisuus, <a href=\"https:\/\/primo.uniarts.fi\/esiintyjat\/salonen-stein\/\">Primo ohjelmapalvelut<\/a><br><strong>29.7.2023<\/strong> Hailuodon kirkko (Oulunsalo Ensemble)<br><strong>28.7.2023<\/strong> Hailuodon kirkko<strong><br>2.8.2022<\/strong> Etno-Espa, Helsinki<br><strong>30.7.2022<\/strong> Puistokarkelot, Helsinki<strong><br>17.7.2022 <\/strong>K\u00e4rs\u00e4m\u00e4en paanukirkko<br><strong>1.7.2022<\/strong> Haapavesi Folk<br><strong>1.7.2022<\/strong> Haapaveden kirkko (Haapaveden kamariorkesteri)<br><strong>28.5.2022<\/strong> Musiikkitalon Black Box, Helsinki (Salonen &amp; Stein Co.)<strong><br>29.9.2021 <\/strong>Kulttuurin tulevaisuudet -tilaisuus, Helsinki<strong><br>4.9.2021 <\/strong>Feel Helsinki<strong><br>7.8.2021<\/strong> Musiikkitalon terassi, Helsinki<\/p>\n\n\n\n<div class=\"wp-block-group is-layout-constrained\"><div class=\"wp-block-group__inner-container\">\n<div class=\"wp-block-group is-layout-constrained\"><div class=\"wp-block-group__inner-container\">\n<div class=\"wp-block-group is-layout-constrained\"><div class=\"wp-block-group__inner-container\">\n<style>\n  iframe[src*=\"soundcloud.com\"] {\n    margin-bottom: -50px !important;\n    display: block;\n  }\n<\/style><\/style><iframe loading=\"lazy\" width=\"100%\" height=\"166\" scrolling=\"no\" frameborder=\"no\" allow=\"autoplay\" src=\"https:\/\/w.soundcloud.com\/player\/?url=https%3A\/\/api.soundcloud.com\/tracks\/soundcloud%3Atracks%3A2281086914%3Fsecret_token%3Ds-9eEXEEbWh9z&#038;color=%23ff5500&#038;auto_play=false&#038;hide_related=false&#038;show_comments=true&#038;show_user=true&#038;show_reposts=false&#038;show_teaser=true\"><\/iframe><div style=\"font-size: 10px; color: #cccccc;line-break: anywhere;word-break: normal;overflow: hidden;white-space: nowrap;text-overflow: ellipsis; font-family: Interstate,Lucida Grande,Lucida Sans Unicode,Lucida Sans,Garuda,Verdana,Tahoma,sans-serif;font-weight: 100;\"><a href=\"https:\/\/soundcloud.com\/salonen-stein\" title=\"Salonen &amp; Stein\" target=\"_blank\" style=\"color: #cccccc; text-decoration: none;\" rel=\"noopener\">Salonen &amp; Stein<\/a> \u00b7 <a href=\"https:\/\/soundcloud.com\/salonen-stein\/salonen-stein-pohjoisen-pikatien-polska-villa-lante-2026-1\/s-9eEXEEbWh9z\" title=\"Pohjoisen pikatien polska (Live 2026)\" target=\"_blank\" style=\"color: #cccccc; text-decoration: none;\" rel=\"noopener\">Pohjoisen pikatien polska (Live 2026)<\/a><\/div>\n<\/div><\/div>\n<\/div><\/div>\n\n\n\n<style>\n  iframe[src*=\"soundcloud.com\"] {\n    margin-bottom: -50px !important;\n    display: block;\n  }\n<\/style><iframe loading=\"lazy\" width=\"100%\" height=\"166\" scrolling=\"no\" frameborder=\"no\" allow=\"autoplay\" src=\"https:\/\/w.soundcloud.com\/player\/?url=https%3A\/\/api.soundcloud.com\/tracks\/soundcloud%3Atracks%3A2281086911%3Fsecret_token%3Ds-2EbzjQzvH77&#038;color=%23ff5500&#038;auto_play=false&#038;hide_related=false&#038;show_comments=true&#038;show_user=true&#038;show_reposts=false&#038;show_teaser=true\"><\/iframe><div style=\"font-size: 10px; color: #cccccc;line-break: anywhere;word-break: normal;overflow: hidden;white-space: nowrap;text-overflow: ellipsis; font-family: Interstate,Lucida Grande,Lucida Sans Unicode,Lucida Sans,Garuda,Verdana,Tahoma,sans-serif;font-weight: 100;\"><a href=\"https:\/\/soundcloud.com\/salonen-stein\" title=\"Salonen &amp; Stein\" target=\"_blank\" style=\"color: #cccccc; text-decoration: none;\" rel=\"noopener\">Salonen &amp; Stein<\/a> \u00b7 <a href=\"https:\/\/soundcloud.com\/salonen-stein\/salonen-stein-lento-pohtovuorille-villa-lante-2026-2\/s-2EbzjQzvH77\" title=\"Lento Pohtovuorille (Live 2026)\" target=\"_blank\" style=\"color: #cccccc; text-decoration: none;\" rel=\"noopener\">Lento Pohtovuorille (Live 2026)<\/a><\/div>\n\n\n\n<style>\n  iframe[src*=\"soundcloud.com\"] {\n    margin-bottom: -50px !important;\n    display: block;\n  }\n<\/style><iframe loading=\"lazy\" width=\"100%\" height=\"166\" scrolling=\"no\" frameborder=\"no\" allow=\"autoplay\" src=\"https:\/\/w.soundcloud.com\/player\/?url=https%3A\/\/api.soundcloud.com\/tracks\/soundcloud%3Atracks%3A2281086908%3Fsecret_token%3Ds-n91biwV49Zi&#038;color=%23ff5500&#038;auto_play=false&#038;hide_related=false&#038;show_comments=true&#038;show_user=true&#038;show_reposts=false&#038;show_teaser=true\"><\/iframe><div style=\"font-size: 10px; color: #cccccc;line-break: anywhere;word-break: normal;overflow: hidden;white-space: nowrap;text-overflow: ellipsis; font-family: Interstate,Lucida Grande,Lucida Sans Unicode,Lucida Sans,Garuda,Verdana,Tahoma,sans-serif;font-weight: 100;\"><a href=\"https:\/\/soundcloud.com\/salonen-stein\" title=\"Salonen &amp; Stein\" target=\"_blank\" style=\"color: #cccccc; text-decoration: none;\" rel=\"noopener\">Salonen &amp; Stein<\/a> \u00b7 <a href=\"https:\/\/soundcloud.com\/salonen-stein\/salonen-stein-tammen-menuetti-villa-lante-2026-3\/s-n91biwV49Zi\" title=\"Tammen menuetti (Live 2026)\" target=\"_blank\" style=\"color: #cccccc; text-decoration: none;\" rel=\"noopener\">Tammen menuetti (Live 2026)<\/a><\/div>\n\n\n\n<style>\n  iframe[src*=\"soundcloud.com\"] {\n    margin-bottom: -50px !important;\n    display: block;\n  }\n<\/style><iframe loading=\"lazy\" width=\"100%\" height=\"166\" scrolling=\"no\" frameborder=\"no\" allow=\"autoplay\" src=\"https:\/\/w.soundcloud.com\/player\/?url=https%3A\/\/api.soundcloud.com\/tracks\/soundcloud%3Atracks%3A2281086905%3Fsecret_token%3Ds-xmPqViKjGuN&#038;color=%23ff5500&#038;auto_play=false&#038;hide_related=false&#038;show_comments=true&#038;show_user=true&#038;show_reposts=false&#038;show_teaser=true\"><\/iframe><div style=\"font-size: 10px; color: #cccccc;line-break: anywhere;word-break: normal;overflow: hidden;white-space: nowrap;text-overflow: ellipsis; font-family: Interstate,Lucida Grande,Lucida Sans Unicode,Lucida Sans,Garuda,Verdana,Tahoma,sans-serif;font-weight: 100;\"><a href=\"https:\/\/soundcloud.com\/salonen-stein\" title=\"Salonen &amp; Stein\" target=\"_blank\" style=\"color: #cccccc; text-decoration: none;\" rel=\"noopener\">Salonen &amp; Stein<\/a> \u00b7 <a href=\"https:\/\/soundcloud.com\/salonen-stein\/salonen-stein-konstan-parempi-valssi-villa-lante-2026-4\/s-xmPqViKjGuN\" title=\"Konstan parempi valssi (Live 2026)\" target=\"_blank\" style=\"color: #cccccc; text-decoration: none;\" rel=\"noopener\">Konstan parempi valssi (Live 2026)<\/a><\/div>\n<\/div><\/div>\n\n\n\n<p class=\"has-text-align-center has-large-font-size\"><br><strong>Salonen &amp; Stein Co.<\/strong><\/p>\n\n\n\n<p class=\"has-text-align-center has-small-font-size\">Kev\u00e4\u00e4ll\u00e4 2022 Salonen ja Stein sovittivat ohjelmistoaan kokoonpanolle <strong>Salonen &amp; Stein Co.<\/strong>, jossa mukana olivat jousisoittajat Maija Linkola, Anna-Mari Huohvanainen, Tuula Saari, Tatu Ahola ja Aida Salakka sek\u00e4 harmonikkataiteilija Johanna Juhola. <\/p>\n\n\n\n<figure class=\"wp-block-embed is-type-video is-provider-youtube wp-block-embed-youtube wp-embed-aspect-16-9 wp-has-aspect-ratio\"><div class=\"wp-block-embed__wrapper\">\n<iframe loading=\"lazy\" title=\"Salonen &amp; Stein Co. (Live Compilation 2022)\" width=\"750\" height=\"422\" src=\"https:\/\/www.youtube.com\/embed\/KUEvXX0wixY?feature=oembed\" frameborder=\"0\" allow=\"accelerometer; autoplay; clipboard-write; encrypted-media; gyroscope; picture-in-picture; web-share\" referrerpolicy=\"strict-origin-when-cross-origin\" allowfullscreen><\/iframe>\n<\/div><\/figure>\n<\/div>\n\n\n\n<div class=\"wp-block-column is-vertically-aligned-top is-layout-flow\">\n<h3 class=\"wp-block-heading has-text-align-center\" id=\"animagios\"><strong>Animagios\u00ae<\/strong><\/h3>\n\n\n\n<p class=\"has-text-align-center has-small-font-size\"><strong><a href=\"http:\/\/animagios\" data-type=\"URL\" data-id=\"animagios\">Animagios\u00ae<\/a><\/strong> on fantasiamaailma ja taidekonsepti, joka ottaa muotoa erilaisissa formaateissa. Animagios syntyi nelj\u00e4 vuotta sitten, kun Santte Salonen ja Joni Stein alkoivat tehd\u00e4 ilokseen lautapeli\u00e4. Peliss\u00e4 seikkailtiin Mielenmaailmassa ja taisteltiin yhdess\u00e4 sit\u00e4 uhkaavaa Mielipahaa vastaan omia vahvuuksia hy\u00f6dynt\u00e4en, samalla pit\u00e4en huolta omien voimavarojen riitt\u00e4misest\u00e4. Kun peli\u00e4 varten luotu maailma alkoi laajentua ja sen sis\u00e4lle muodostua tarinoita, Erika Hammarberg liittyi ty\u00f6ryhm\u00e4\u00e4n. Yhdess\u00e4 he alkoivat ty\u00f6st\u00e4\u00e4 Mielenmaailmaan sijoittuvia n\u00e4ytt\u00e4m\u00f6teoksia.<\/p>\n\n\n\n<h3 class=\"wp-block-heading has-text-align-center\">Osa I<\/h3>\n\n\n\n<figure class=\"wp-block-image size-large\"><img decoding=\"async\" loading=\"lazy\" width=\"1024\" height=\"683\" src=\"https:\/\/salonen-stein.com\/wp-content\/uploads\/2024\/06\/2024-01-20_Tsizik-4036-1024x683.jpg\" alt=\"\" class=\"wp-image-312\" srcset=\"https:\/\/salonen-stein.com\/wp-content\/uploads\/2024\/06\/2024-01-20_Tsizik-4036-1024x683.jpg 1024w, https:\/\/salonen-stein.com\/wp-content\/uploads\/2024\/06\/2024-01-20_Tsizik-4036-300x200.jpg 300w, https:\/\/salonen-stein.com\/wp-content\/uploads\/2024\/06\/2024-01-20_Tsizik-4036-768x512.jpg 768w, https:\/\/salonen-stein.com\/wp-content\/uploads\/2024\/06\/2024-01-20_Tsizik-4036-1536x1024.jpg 1536w, https:\/\/salonen-stein.com\/wp-content\/uploads\/2024\/06\/2024-01-20_Tsizik-4036-2048x1365.jpg 2048w, https:\/\/salonen-stein.com\/wp-content\/uploads\/2024\/06\/2024-01-20_Tsizik-4036-1568x1045.jpg 1568w\" sizes=\"(max-width: 1024px) 100vw, 1024px\" \/><\/figure>\n\n\n\n<p style=\"font-size:12px\">Kuva: Jani Snellman<\/p>\n\n\n\n<p class=\"has-text-align-center has-small-font-size\"><strong>Yst\u00e4v\u00e4ni Tsizik<\/strong> -musiikkifantasia kertojalle, kolmelle laulusolistille, kuorolle ja orkesterille <br><br>K\u00e4sikirjoitus: Hammarberg, Salonen &amp; Stein<br>Libretto: Hammarberg<br>S\u00e4vellys: Salonen &amp; Stein<br>Kesto: 110 min<br>Kantaesitetty 20.1.2024 Helsingin Musiikkitalon Konserttisalissa.<\/p>\n\n\n\n<h3 class=\"wp-block-heading has-text-align-center\">Osa II<\/h3>\n\n\n\n<p class=\"has-text-align-center has-small-font-size\"><strong>Vulfekin laulu <\/strong>-musikaali kuudelle roolille, ensemblelle ja yhtyeelle<br><br>K\u00e4sikirjoitus: Hammarberg, Salonen &amp; Stein<br>N\u00e4ytelm\u00e4teksti: Hammarberg, Salonen<br>Laulujen sanat: Hammarberg<br>S\u00e4vellys: Salonen &amp; Stein<br>Kesto: 2 h<br>Ensi-ilta: TBA<\/p>\n\n\n\n<h3 class=\"wp-block-heading has-text-align-center\">Animagios-musiikkia<\/h3>\n\n\n\n<figure class=\"wp-block-embed is-type-video is-provider-youtube wp-block-embed-youtube wp-embed-aspect-16-9 wp-has-aspect-ratio\"><div class=\"wp-block-embed__wrapper\">\n<iframe loading=\"lazy\" title=\"Animagios Showreel\" width=\"750\" height=\"422\" src=\"https:\/\/www.youtube.com\/embed\/W0saTMqbhwA?feature=oembed\" frameborder=\"0\" allow=\"accelerometer; autoplay; clipboard-write; encrypted-media; gyroscope; picture-in-picture; web-share\" referrerpolicy=\"strict-origin-when-cross-origin\" allowfullscreen><\/iframe>\n<\/div><figcaption class=\"wp-element-caption\">Yst\u00e4v\u00e4ni Tsizik -musiikkifantasian kantaesitys Musiikkitalolla 2024<\/figcaption><\/figure>\n\n\n\n<figure class=\"wp-block-embed is-type-video is-provider-youtube wp-block-embed-youtube wp-embed-aspect-16-9 wp-has-aspect-ratio\"><div class=\"wp-block-embed__wrapper\">\n<iframe loading=\"lazy\" title=\"Salonen &amp; Stein: Animagios Suite, No. 7 (Salonen, Stein &amp; Oulunsalo Ensemble, Cond. Jackie Shin)\" width=\"750\" height=\"422\" src=\"https:\/\/www.youtube.com\/embed\/i0NBJN7GQFc?feature=oembed\" frameborder=\"0\" allow=\"accelerometer; autoplay; clipboard-write; encrypted-media; gyroscope; picture-in-picture; web-share\" referrerpolicy=\"strict-origin-when-cross-origin\" allowfullscreen><\/iframe>\n<\/div><figcaption class=\"wp-element-caption\">Animagios Suite Hailuodon Musiikkip\u00e4ivill\u00e4 2023<\/figcaption><\/figure>\n\n\n\n<p><\/p>\n<\/div>\n<\/div>\n<\/div><\/div>\n\n\n\n<p class=\"has-text-align-center\" style=\"font-size:12px\">Kuva (Salonen &amp; Stein): Mikko Malmivaara<\/p>\n\n\n\n<hr class=\"wp-block-separator has-css-opacity is-style-dots\"\/>\n\n\n\n<ul class=\"wp-block-social-links is-style-logos-only is-content-justification-center is-layout-flex wp-container-8\"><li class=\"wp-social-link wp-social-link-facebook wp-block-social-link\"><a rel=\" noopener nofollow\" target=\"_blank\" href=\"https:\/\/facebook.com\/salonen.stein\" class=\"wp-block-social-link-anchor\"><svg width=\"24\" height=\"24\" viewBox=\"0 0 24 24\" version=\"1.1\" xmlns=\"http:\/\/www.w3.org\/2000\/svg\" aria-hidden=\"true\" focusable=\"false\"><path d=\"M12 2C6.5 2 2 6.5 2 12c0 5 3.7 9.1 8.4 9.9v-7H7.9V12h2.5V9.8c0-2.5 1.5-3.9 3.8-3.9 1.1 0 2.2.2 2.2.2v2.5h-1.3c-1.2 0-1.6.8-1.6 1.6V12h2.8l-.4 2.9h-2.3v7C18.3 21.1 22 17 22 12c0-5.5-4.5-10-10-10z\"><\/path><\/svg><span class=\"wp-block-social-link-label screen-reader-text\">Facebook<\/span><\/a><\/li>\n\n<li class=\"wp-social-link wp-social-link-instagram wp-block-social-link\"><a rel=\" noopener nofollow\" target=\"_blank\" href=\"https:\/\/instagram.com\/salonen.stein\" class=\"wp-block-social-link-anchor\"><svg width=\"24\" height=\"24\" viewBox=\"0 0 24 24\" version=\"1.1\" xmlns=\"http:\/\/www.w3.org\/2000\/svg\" aria-hidden=\"true\" focusable=\"false\"><path d=\"M12,4.622c2.403,0,2.688,0.009,3.637,0.052c0.877,0.04,1.354,0.187,1.671,0.31c0.42,0.163,0.72,0.358,1.035,0.673 c0.315,0.315,0.51,0.615,0.673,1.035c0.123,0.317,0.27,0.794,0.31,1.671c0.043,0.949,0.052,1.234,0.052,3.637 s-0.009,2.688-0.052,3.637c-0.04,0.877-0.187,1.354-0.31,1.671c-0.163,0.42-0.358,0.72-0.673,1.035 c-0.315,0.315-0.615,0.51-1.035,0.673c-0.317,0.123-0.794,0.27-1.671,0.31c-0.949,0.043-1.233,0.052-3.637,0.052 s-2.688-0.009-3.637-0.052c-0.877-0.04-1.354-0.187-1.671-0.31c-0.42-0.163-0.72-0.358-1.035-0.673 c-0.315-0.315-0.51-0.615-0.673-1.035c-0.123-0.317-0.27-0.794-0.31-1.671C4.631,14.688,4.622,14.403,4.622,12 s0.009-2.688,0.052-3.637c0.04-0.877,0.187-1.354,0.31-1.671c0.163-0.42,0.358-0.72,0.673-1.035 c0.315-0.315,0.615-0.51,1.035-0.673c0.317-0.123,0.794-0.27,1.671-0.31C9.312,4.631,9.597,4.622,12,4.622 M12,3 C9.556,3,9.249,3.01,8.289,3.054C7.331,3.098,6.677,3.25,6.105,3.472C5.513,3.702,5.011,4.01,4.511,4.511 c-0.5,0.5-0.808,1.002-1.038,1.594C3.25,6.677,3.098,7.331,3.054,8.289C3.01,9.249,3,9.556,3,12c0,2.444,0.01,2.751,0.054,3.711 c0.044,0.958,0.196,1.612,0.418,2.185c0.23,0.592,0.538,1.094,1.038,1.594c0.5,0.5,1.002,0.808,1.594,1.038 c0.572,0.222,1.227,0.375,2.185,0.418C9.249,20.99,9.556,21,12,21s2.751-0.01,3.711-0.054c0.958-0.044,1.612-0.196,2.185-0.418 c0.592-0.23,1.094-0.538,1.594-1.038c0.5-0.5,0.808-1.002,1.038-1.594c0.222-0.572,0.375-1.227,0.418-2.185 C20.99,14.751,21,14.444,21,12s-0.01-2.751-0.054-3.711c-0.044-0.958-0.196-1.612-0.418-2.185c-0.23-0.592-0.538-1.094-1.038-1.594 c-0.5-0.5-1.002-0.808-1.594-1.038c-0.572-0.222-1.227-0.375-2.185-0.418C14.751,3.01,14.444,3,12,3L12,3z M12,7.378 c-2.552,0-4.622,2.069-4.622,4.622S9.448,16.622,12,16.622s4.622-2.069,4.622-4.622S14.552,7.378,12,7.378z M12,15 c-1.657,0-3-1.343-3-3s1.343-3,3-3s3,1.343,3,3S13.657,15,12,15z M16.804,6.116c-0.596,0-1.08,0.484-1.08,1.08 s0.484,1.08,1.08,1.08c0.596,0,1.08-0.484,1.08-1.08S17.401,6.116,16.804,6.116z\"><\/path><\/svg><span class=\"wp-block-social-link-label screen-reader-text\">Instagram<\/span><\/a><\/li>\n\n<li class=\"wp-social-link wp-social-link-youtube wp-block-social-link\"><a rel=\" noopener nofollow\" target=\"_blank\" href=\"https:\/\/www.youtube.com\/channel\/UC12tzZAHqL_lUkqrNWX7mtQ\" class=\"wp-block-social-link-anchor\"><svg width=\"24\" height=\"24\" viewBox=\"0 0 24 24\" version=\"1.1\" xmlns=\"http:\/\/www.w3.org\/2000\/svg\" aria-hidden=\"true\" focusable=\"false\"><path d=\"M21.8,8.001c0,0-0.195-1.378-0.795-1.985c-0.76-0.797-1.613-0.801-2.004-0.847c-2.799-0.202-6.997-0.202-6.997-0.202 h-0.009c0,0-4.198,0-6.997,0.202C4.608,5.216,3.756,5.22,2.995,6.016C2.395,6.623,2.2,8.001,2.2,8.001S2,9.62,2,11.238v1.517 c0,1.618,0.2,3.237,0.2,3.237s0.195,1.378,0.795,1.985c0.761,0.797,1.76,0.771,2.205,0.855c1.6,0.153,6.8,0.201,6.8,0.201 s4.203-0.006,7.001-0.209c0.391-0.047,1.243-0.051,2.004-0.847c0.6-0.607,0.795-1.985,0.795-1.985s0.2-1.618,0.2-3.237v-1.517 C22,9.62,21.8,8.001,21.8,8.001z M9.935,14.594l-0.001-5.62l5.404,2.82L9.935,14.594z\"><\/path><\/svg><span class=\"wp-block-social-link-label screen-reader-text\">YouTube<\/span><\/a><\/li><\/ul>\n\n\n\n<p class=\"has-text-align-center has-extra-small-font-size\"><br><br><\/p>\n","protected":false},"excerpt":{"rendered":"<p>Salonen &amp; Stein Santte Salonen ja Joni Stein yhteiss\u00e4velt\u00e4v\u00e4t musiikkia yli genrerajojen. He toimivat my\u00f6s tiimik\u00e4sikirjoittajina draamaa ja musiikkia yhdist\u00e4viss\u00e4 teoksissa. Salonen &amp; Stein duo Duo Salonen &amp; Stein kutsuu kuulijat tonaaliselle huviretkelle, jossa eri tanssit, tyylit ja topokset 1700-luvulta nykyp\u00e4iv\u00e4\u00e4n punoutuvat moni-ilmeiseksi kokonaisuudeksi. Santte Salonen (sopraanosaksofoni) ja Joni Stein (piano) tulkitsevat omia s\u00e4vellyksi\u00e4\u00e4n, yhteiss\u00e4vellyksi\u00e4\u00e4n&hellip; <a class=\"more-link\" href=\"https:\/\/salonen-stein.com\/\">Jatka lukemista <span class=\"screen-reader-text\">Salonen &#038; Stein<\/span><\/a><\/p>\n","protected":false},"author":1,"featured_media":0,"parent":0,"menu_order":0,"comment_status":"closed","ping_status":"closed","template":"","meta":[],"_links":{"self":[{"href":"https:\/\/salonen-stein.com\/index.php\/wp-json\/wp\/v2\/pages\/6"}],"collection":[{"href":"https:\/\/salonen-stein.com\/index.php\/wp-json\/wp\/v2\/pages"}],"about":[{"href":"https:\/\/salonen-stein.com\/index.php\/wp-json\/wp\/v2\/types\/page"}],"author":[{"embeddable":true,"href":"https:\/\/salonen-stein.com\/index.php\/wp-json\/wp\/v2\/users\/1"}],"replies":[{"embeddable":true,"href":"https:\/\/salonen-stein.com\/index.php\/wp-json\/wp\/v2\/comments?post=6"}],"version-history":[{"count":190,"href":"https:\/\/salonen-stein.com\/index.php\/wp-json\/wp\/v2\/pages\/6\/revisions"}],"predecessor-version":[{"id":387,"href":"https:\/\/salonen-stein.com\/index.php\/wp-json\/wp\/v2\/pages\/6\/revisions\/387"}],"wp:attachment":[{"href":"https:\/\/salonen-stein.com\/index.php\/wp-json\/wp\/v2\/media?parent=6"}],"curies":[{"name":"wp","href":"https:\/\/api.w.org\/{rel}","templated":true}]}}